e s(13). Suppose -5*h = -5*f - 965, -f + 65 = 3*h - a. List the prime factors of h.
3, 5, 13
Suppose 5*t + 5*r + 9 + 1 = 0, -t = 5*r + 22. Suppose t*p = -15, 3*u + 4*p + 61 = 8. Let j(q) = -q**3 - 10*q**2 + 9*q. What are the prime factors of j(u)?
2, 11
What are the prime factors of (1 + -5 - (-1 + 0)) + 144?
3, 47
Let d(z) = z**3 - 14*z**2 + 6*z - 14. Let a be d(14). Let v be (-2)/(-8) + a/40. Suppose v*f - 3*f + 25 = 0. List the prime factors of f.
5
Let h(v) = 47*v - 77. Let m be h(7). Let l = m + -144. What are the prime factors of l?
2, 3
Let r be ((-6)/(-4))/(((-84)/16)/(-7)). List the prime factors of (-346)/(-8) - r/8.
43
Let j(p) = -2*p**2 + 3*p + 32. Let s be j(16). Let d = s - -675. List the prime factors of d.
3
Let m(b) be the second derivative of b**5/4 + b**4/6 - b**3/6 - 5*b**2/2 + 23*b. List the prime factors of m(3).
5, 29
Let j(n) = n**3 - 6*n**2 - 6*n - 4. Let g = -4 - -11. Let b be j(g). Suppose -2*i - b*i = -m - 12, 3*m = -4*i + 21. What are the prime factors of m?
3
Suppose 6*j - j + a = 39, 0 = j + a - 11. Suppose -47 = -u + j*h - 3*h, 5*h + 160 = 5*u. What are the prime factors of u?
3
Let s = 61 + 126. List the prime factors of s.
11, 17
Let b = -490 + 1770. What are the prime factors of b?
2, 5
Suppose -4 = v + 2. What are the prime factors of v/(3 - 6)*45/2?
3, 5
Let b = 1033 - 628. List the prime factors of b.
3, 5
Let x(g) = 39*g - 6. Let p = -11 + 14. What are the prime factors of x(p)?
3, 37
Suppose 4*x = 8, 5*s - 5*x - 654 = -2*x. What are the prime factors of s/3 + 0 + -1?
43
Let g(u) = 6*u**2 - 7*u + 91. List the prime factors of g(6).
5, 53
Let w be (-74)/(-4)*2*1. Let n = -168 + 181. Let c = w - n. What are the prime factors of c?
2, 3
Let l(g) = 2*g**3 - 5*g**2 + 2*g + 5. What are the prime factors of l(7)?
2, 5, 23
Let d = 8 - 12. Let s be (-39)/(-12) + 1/d. Suppose 5*b - 14 = -2*j + 25, -48 = -s*j - 4*b. What are the prime factors of j?
2, 3
Suppose 5*v = -10, u = -2*v - 2*v + 109. Suppose -5*c + u = -s - 8, c - 2*s = 34. List the prime factors of c.
2, 3
What are the prime factors of ((-9)/(-3))/3*(314 - -2)?
2, 79
Let x be (-639)/(-142)*100/6. Let g be 2/(-3)*(-208 - -1). Let m = g - x. List the prime factors of m.
3, 7
Let y(q) = 2*q - 3. Let c = -8 - -11. Let w be y(c). What are the prime factors of 0*w/12 - -37?
37
List the prime factors of (5 - 10) + -5 - -2652.
2, 1321
Suppose -u + 3854 = m, 4*u - 7889 = m + 7522. List the prime factors of u.
3853
Let o(b) = b**3 + 6*b**2 - 6*b - 3. Let u be o(-6). Let k = 331 - 329. Suppose u = k*i - 11. List the prime factors of i.
2, 11
Let w = -113 + 462. What are the prime factors of w?
349
Suppose -3*p + d + 12 = 0, 23 = 5*p - 2*d + 2. Suppose p*t + 8 = -t. List the prime factors of 2*6/(-8)*t.
3
Suppose -18*h = -15*h - 12. Suppose -h*v + 416 = -4*g, 3*v + 3*g - 104 - 178 = 0. List the prime factors of v.
3, 11
Suppose -1420 = -4*h + 2*a, -h + 2*a + 143 = -209. List the prime factors of h.
2, 89
Suppose -j + 13 = -5. Let r = 5 - j. Let o = 12 - r. What are the prime factors of o?
5
Suppose -36*f + 48466 + 42110 = 0. List the prime factors of f.
2, 17, 37
Let f(g) = g**2 - g + 10. Let z be 0 + ((-33)/3 - (-2)/(-1)). List the prime factors of f(z).
2, 3
Suppose l - 4*r + 5 = 0, l + 3*l + 3*r - 18 = 0. Suppose -4*g = 5*c + 30, 24 = -4*c + g + l*g. Let v = 66 + c. What are the prime factors of v?
2, 3, 5
Suppose -6370 = -38*b + 25*b. List the prime factors of b.
2, 5, 7
Let t = -111 + 206. Suppose -118 = -3*y + t. List the prime factors of y.
71
Let j(d) = -4*d**2 + 79*d + 63. List the prime factors of j(19).
2, 3, 5
Let f(y) = -22*y - 30. List the prime factors of f(-24).
2, 3, 83
Let t be 5/(-30)*10*(-2 + -7). Suppose 0 = -t*n - 8*n + 5842. List the prime factors of n.
2, 127
Suppose -3*s = p - 94, 2*s - 3*s = 4*p - 13. Let k = 69 - s. Suppose -k = -2*y + 2*c, -4*c - 53 - 6 = -3*y. List the prime factors of y.
13
Let n = -65 + 67. Suppose m - 156 = x + 3*x, n*m + 5*x = 364. What are the prime factors of m?
2, 43
Let m(d) = d**2 - 2*d + 1. Let n be m(3). Suppose -4*b = n*t - 5*b - 20, -20 = -4*t + 2*b. Suppose 81 + 49 = t*a. What are the prime factors of a?
2, 13
Let s be (9 - 31)*(2 - 5/(-2)). What are the prime factors of (16/6)/((-6)/s)?
2, 11
Let i = 3184 + -2142. What are the prime factors of i?
2, 521
Let p = 6 + -6. Let m(i) be the first derivative of -i**2/2 + 31*i + 2. List the prime factors of m(p).
31
Let i(t) = -t**2 + 9 - 24*t + 4*t + 6. Let c be i(-17). Suppose 0*q + c = 3*q. List the prime factors of q.
2, 11
Suppose 77280 = 71*t + 21*t. What are the prime factors of t?
2, 3, 5, 7
Let a(l) = -l**2 + 9*l + 10. Suppose 4*c + 0*c - 40 = 0. Let f be a(c). Let z = f + 19. List the prime factors of z.
19
List the prime factors of 1844 - 0*(-1)/4.
2, 461
Let v be 235/(-15)*(-6 - 0). Let t be (-332)/6 + 2/(-3). Let d = v + t. What are the prime factors of d?
2, 19
Let q = 92 + 115. Let z = -142 + q. What are the prime factors of z?
5, 13
Let d(t) = -2*t**2 - 26*t. Let i be d(-13). Suppose -2*y + y - 3*o + 196 = 0, i = -3*o + 15. What are the prime factors of y?
181
Let m(c) = c**3 + 5*c**2 + 5*c + 6. Let b be m(-4). Let u be 3/b*(4 - -18). Suppose -5*d = -178 + u. List the prime factors of d.
29
Let y = 22 - 35. Let o(c) = c**3 + 14*c**2 + 7*c + 1. What are the prime factors of o(y)?
79
Let m(k) = 3 + 4*k + 1 + 13*k - 2*k. What are the prime factors of m(12)?
2, 23
Let k = 1701 - -806. What are the prime factors of k?
23, 109
Let p(a) = 7*a - 17. Let x be p(4). Suppose -4*f + x = -5. List the prime factors of f.
2
Suppose n - s - 1486 = 0, 11*n = 13*n - 5*s - 2966. What are the prime factors of n?
2, 3, 31
Let j(i) = 31*i**2 + 16*i + 2. Let p be j(-3). Let b = p + -113. List the prime factors of b.
2, 3, 5
Suppose -4*k + 1636 = 2*f, -11*f + k = -6*f - 4145. List the prime factors of f.
2, 3, 23
Suppose -a = 5*z + 11, 2*a - 2*z + z + 11 = 0. List the prime factors of (a - -8) + 1 + 26.
29
Let s = 153 - -244. What are the prime factors of s?
397
List the prime factors of (1672 - (-28)/7) + 3.
23, 73
Suppose 0 = -277*n + 271*n + 7122. What are the prime factors of n?
1187
Suppose -10*l + 11*l = -2*r + 1860, 3*l + 2*r - 5580 = 0. List the prime factors of l.
2, 3, 5, 31
Suppose 32*x - 8 = 29*x + 2*c, 8 = -3*x - 2*c. Suppose h = -0*h + 38. Let o = h - x. What are the prime factors of o?
2, 19
Let b be 1 + -3*2/(-6). Suppose b*k = -3*k + 290. What are the prime factors of k?
2, 29
Suppose -8*v - 3574 = -24630. What are the prime factors of v?
2, 7, 47
Let k = 2 + -2. Suppose -6*v + 3*z + 44 = -5*v, 0 = 4*v + z - 202. Suppose r = -k*r + v. List the prime factors of r.
2, 5
Suppose p + 5*f = 2*p - 25, 2*f = -p + 46. Let y = p + -21. What are the prime factors of y?
19
Let i be 11 - ((-3 - -1) + -1). Let f = i + -8. Suppose -c + f*c = 20. What are the prime factors of c?
2
Suppose -264 = 3*x - 5*d + 38, -x - d - 106 = 0. Let w(a) = -5*a + 54. Let o be w(11). What are the prime factors of (x/(-24))/(o/(-3))?
13
Suppose -a = 2*a - 6, -5*r = -3*a - 14. Suppose -5*y - 3*m + 520 = 0, -r*y + 3*y + 127 = -4*m. What are the prime factors of y?
107
Let j(f) = 3*f**2 + f + 4. Let w(v) = 7*v**2 + v + 8. Let h(d) = 5*j(d) - 2*w(d). Let a be h(-3). Suppose a*c - 130 = -c. What are the prime factors of c?
2, 13
Let r = -4 - -6. Suppose 21 = -2*h - 5*w, 0 = 8*h - 3*h + w - 5. Suppose -h*j + 3*j = r*p + 49, 5*p = 3*j - 149. List the prime factors of j.
53
Suppose -16595 - 7613 = -8*y. List the prime factors of y.
2, 17, 89
Suppose 20*h = -13*h + 73821. What are the prime factors of h?
2237
Suppose -9*c + 11*c = 262. Let i = -77 + c. What are the prime factors of i?
2, 3
Suppose -3*s = -0*s - 5*g - 31, 0 = -4*s - 2*g - 2. Suppose -5*h + 652 = -s*j, 7*h - 5*j = 3*h + 525. What are the prime factors of h?
2, 5, 13
Suppose -x - 324 = -1059. List the prime factors of x.
3, 5, 7
Let i(o) = o**2 - 16*o - 8. Let t be i(18). Let s = t - -32. List the prime factors of s.
2, 3, 5
Let r(g) = g + 11. Let h be r(-9). Suppose 5*x - 30 = -4*c, -5*c + 21 = -2*x - 33. Suppose -p - h*p - b + 29 = 0, -5*b = -c. What are the prime factors of p?
3
List the prime factors of 0 - 17572/(-16) - (-4)/(-16).
2, 3, 61
Let b = 67 - -17. What are the prime factors of (b/(-35))/((-2)/15)?
2, 3
Suppose -82